k*q + 228 = 2216. List the prime factors of q.
2, 71
Let n be (-2 + (-2 - -3))*(-3 + 3). Suppose n = 2*b - 2*c - 214, 0 = -4*b - 3*c + 174 + 233. Suppose g = -0*g + b. List the prime factors of g.
2, 13
Let z(q) = -12*q + 69. Let x be z(6). What are the prime factors of (-80)/(9/432*x)?
2, 5
What are the prime factors of (390972/155)/((-2)/(-20))?
2, 3, 1051
Suppose -r + 2*v - 8 - 33 = 0, r + 5*v = -69. Suppose 110 = 12*f - 10*f. Let w = f + r. List the prime factors of w.
2, 3
List the prime factors of 3/(-12) + 715887/204.
11, 29
Suppose -f - 7872 = -3*f + 3*o, -4*o = 7*f - 27610. List the prime factors of f.
2, 3, 73
Suppose 7 - 23 = j. Let r = j - -6. List the prime factors of 2/r*1330/(-14).
19
Let z(k) = -292*k + 3853. List the prime factors of z(-7).
5897
Suppose -25*z + 11 = -14. What are the prime factors of (-8 + 457 + -2)/z?
3, 149
Suppose 4*c + 3 = 15. Let u(j) = 3*j**2 - 8*j + 2. Let k be u(c). Suppose k*b = 15*b - 2450. List the prime factors of b.
5, 7
Let l(w) = -35*w + 124. Let k be l(-13). Suppose 3*h - 3 - 12 = 0, 3*h - k = -2*u. List the prime factors of u.
2, 3, 47
Let h = -956 + 521. Let n = h - -748. What are the prime factors of n?
313
Let a = -188 - -193. Suppose -a*c + 3*c = 2*t - 838, 2*c + 5*t = 826. What are the prime factors of c?
3, 47
Let u = -94 - -100. List the prime factors of u/(-144)*-8*177*1.
59
Suppose 0 = -7*c - 3*c + 50. Suppose -p - 3 = a - 3*a, c*a = 3*p + 5. Let m(v) = 2*v**3 - 7*v**2 + 2*v + 13. List the prime factors of m(p).
2, 7
Suppose -a - 32 + 48 = 0. Suppose -3*l + a - 7 = 0. Let c = 23 + l. What are the prime factors of c?
2, 13
Let w = 37096 + -14781. List the prime factors of w.
5, 4463
Let s = -14759 + 17960. List the prime factors of s.
3, 11, 97
Let u be (-1074)/(-6) - (7 - 2). Let r be (-12)/90 + (2 - u/45). List the prime factors of r + 1068/4 + 1.
2, 7, 19
Let u be (-41)/(-6) + 6*(-5)/(-180). Suppose 811 = -u*c + 9*c + j, 2*c - 4*j - 836 = 0. List the prime factors of c.
2, 3, 17
Let o(f) = -f**3 - 62*f**2 - 187*f - 59. List the prime factors of o(-61).
29, 263
Suppose -13 - 1 = s - 5*g, 2*s + 63 = 3*g. Let l be (s/4)/((-20)/(-32) + -1). Suppose 25*p = l*p - 92. What are the prime factors of p?
2, 23
Suppose 0 = -2*j - 13 + 21. Let z(q) = 2*q**2 - 2*q - 2. Let l be z(j). Suppose 3*s - 79 = -l. List the prime factors of s.
19
Let u(v) = v - 26. Let j(t) = -t**2 + t - 2. Let z be j(3). Let i be u(z). List the prime factors of ((-187)/i)/((-1)/(-10)).
5, 11
Let z be 6/(4/(-80)*2). Let p be (-12)/(2/z*-9). Let c = 104 + p. List the prime factors of c.
2
Suppose -5*y = 4*g - 3*g - 6157, 0 = -4*g + y + 24523. What are the prime factors of g?
2, 3, 7, 73
Suppose g - 4*h + 3452 = 5*g, 3*h + 3459 = 4*g. Suppose 3048 - g = 4*y. What are the prime factors of y?
2, 3, 7, 13
Let x(r) = -5*r**2 - 306*r + 52. What are the prime factors of x(-56)?
2, 13, 29
Suppose -5*i - 2*i - 28 = 0. Let v be 1 + 208/6 - i/(-6). Let o = v - -23. List the prime factors of o.
2, 29
Let u be (-18)/24 - (-10)/(-8). Let l be 5352/84 + u/(-7). Suppose 0 = -5*f - 2*c + 435, -2*c + 7*c = -f + l. List the prime factors of f.
89
Let f(r) = 164*r**3 - 8*r**2 + 116*r - 546. What are the prime factors of f(8)?
2, 3, 89, 157
Suppose 14*n - 9*n - 350 = 0. Suppose 0 = n*v - 68*v + 428. Let a = 321 + v. What are the prime factors of a?
107
Let i(f) = 2*f + 12. Let g be i(-4). Suppose -45 = x + 2*y - 342, -1188 = -g*x - 3*y. List the prime factors of x.
3, 11
Suppose -4*v + 10463 - 35522 = -3*j, -j = -5*v - 8353. What are the prime factors of j?
8353
Suppose 0 = 93*o - 330451 - 1253432. What are the prime factors of o?
3, 7, 811
Let a be -4*(-1)/3 + (-7)/3. List the prime factors of 0/a - (-134 + 4).
2, 5, 13
Let b(k) = -596*k - 1496. What are the prime factors of b(-7)?
2, 3, 223
Let r(m) = -707*m - 73. List the prime factors of r(-3).
2
List the prime factors of 48868 - 110/(-45)*-9.
2, 3, 7, 1163
Let k be (13 - -1)*2/(-2)*-1. Suppose d - k = 52. Let u = 194 - d. List the prime factors of u.
2
Let w be 3/(4 - (1 - 0)). Let s = w + -7. What are the prime factors of ((122/4)/(s/12))/(-1)?
61
List the prime factors of (190756/(-26))/((-1348)/8762).
103, 463
What are the prime factors of (476936/(-10))/4*-1 - (-12)/(-30)?
11923
Suppose -3*h = -2*p + 2*h - 6, -4*p + 5*h - 2 = 0. Suppose 3*b = -5*s + 1412, 5*s - 7*b + p*b = 1380. Let y = 460 - s. What are the prime factors of y?
2, 3, 5
Let w = 57429 - 36645. What are the prime factors of w?
2, 3, 433
Suppose -5*i - 18 = r, -i = -5*r - 0*i + 40. Suppose r = w - 39. Let p = w - 15. List the prime factors of p.
31
Let a = -825 - -834. Suppose 4*m - m = 15. Suppose a = 7*q - m. What are the prime factors of q?
2
Suppose 0*r = -r - 25. Let m(x) = x**3 - 2*x**2 - 29*x + 15. Let h be m(-9). What are the prime factors of h/r + -6 + 2/5?
19
Let s be 0*5/(-20)*2. Suppose 2*y - 460 = -2*b, s*b - 448 = -2*b + 4*y. Suppose 4*g = -0*t + t + 213, -4*t = 4*g - b. What are the prime factors of g?
2, 3
Let z(o) = o**3 + 11*o**2 - 15*o - 21. Let x be z(-12). Suppose 14 = -3*r - t, 0 = t + 2*t + x. Let i(b) = 12*b**2 + b - 4. List the prime factors of i(r).
101
Let w = 67 + -75. Let y be (w - (2 - 6))*-1. List the prime factors of y/(-18) + (-3790)/(-45).
2, 3, 7
Suppose 0 = 3*a + y - 42052, -11*y = -a - 8*y + 14004. What are the prime factors of a?
2, 3, 73
Let p(g) = 5159*g - 1417. What are the prime factors of p(3)?
2, 5, 19, 37
Suppose -13 + 10 = -i. Suppose 5*b - 1523 = -2*l, -b + i*l = 3*b - 1200. Suppose 3*h - 4*j = 626 - 189, 5*j + b = 2*h. What are the prime factors of h?
139
Suppose 0*c - 4*c + 6 = n, -5*c = 3*n - 11. Let l(w) = 6*w + 2. Let p be l(1). What are the prime factors of c/((3/8)/(12/p))?
2
Let s be (4/20*0 - -2)*-3. What are the prime factors of (-1578)/s - 32/(-4)?
271
Let c(p) = p**2 - 8*p - 18. Let o be c(10). Suppose 0 = -3*w + 3*f + 1626, 2717 = -149*w + 154*w + o*f. List the prime factors of w.
3, 181
Suppose 24*d - 24*d - 68049 = -9*d. What are the prime factors of d?
7561
Suppose 0 = 6*p + 29*p - 620179 - 56406. List the prime factors of p.
13, 1487
Let s = 223 - 220. Suppose s*g + 2*r = 464, 3*r + 94 = 2*g - 237. List the prime factors of g.
2, 79
Suppose 5*s - 25 = 0, -11*g = -8*g + 4*s - 5. Let v(t) = -t**2 - t + 30. What are the prime factors of v(g)?
2, 5
Let c(s) = -s**2 + s + 2. Let u be c(-1). What are the prime factors of -2 - (u + 1) - -114?
3, 37
Suppose 5*c + 0*r + 2*r + 290 = 0, -4*r + 140 = -2*c. Let x be (1/(-3))/(4/c). Suppose x*d = 2*d + 345. What are the prime factors of d?
5, 23
Suppose 12 - 6 = 4*k + 2*j, -j = 3. Suppose 0 = -0*x + 2*x + m + k, 3*x = 5*m - 11. What are the prime factors of 4*(-2276)/(-112) + x/7?
3
Suppose -2*c = -5*r - 87, 0 = -2*r - 2 - 0. Suppose 0 = c*y - 42*y + 920. Suppose -5*h + 0*l = -5*l - y, 2*h + 5*l - 389 = 0. What are the prime factors of h?
11, 17
Suppose 5*z - 467 = -m, -2*z - 30*m + 180 = -33*m. Suppose -4*i = -5*r + 12, -3*i = 3*r + i + 12. Suppose -4*s + 195 + z = r. What are the prime factors of s?
2, 3
Suppose 0 = t - 2*t. Suppose 6*c - 24 = -t*c. Suppose 2*k = 4, -5*x + c*k + 43 = 3*k. List the prime factors of x.
3
Suppose 0 = -3*p + 9, -p + 18 = 8*s - 5*s. Suppose -5*v - 6*m + s*m = -798, -2*v = -3*m - 309. What are the prime factors of v?
3, 53
Let y = -25 + 10. Let l(o) = -179*o + 363*o + 49 - 181*o. List the prime factors of l(y).
2
Suppose 34*n = 29*n - 1980. What are the prime factors of (n + 7 + -4)*16/(-6)?
2, 131
Suppose -6*g - 2*u = -10*g + 17858, g - 16*u - 4449 = 0. What are the prime factors of g?
5, 19, 47
Suppose -4*x = 3*n - 1772, 0*n - 1329 = -3*x + 3*n. Suppose -5*y = -457 - x. List the prime factors of y.
2, 3, 5
Let u(y) = 104*y - 10. Suppose 2*i = 5*w + 25, 77 = 6*i - 2*i - w. Let j be u(i). What are the prime factors of (0 - 0)/(-1) - j/(-9)?
2, 5, 23
Let d = 84 - 88. List the prime factors of (-4383)/(-18) + 6/d.
2, 11
Let l be (24/6)/(8 - 10). Let t(j) be the third derivative of j**5/4 - j**4/12 - j**3/6 + j**2. List the prime factors of t(l).
3, 7
Suppose 17*t + 1390350 = 82*t. What are the prime factors of t?
2, 3, 5, 23, 31
Suppose -188*t + 177*t = -74041. List the prime factors of t.
53, 127
Suppose 0 = -4*i - 4, 3*m - 3*i = -6*i + 3867. Suppose -m - 7040 = -17*d. What are the prime f